1868?
2, 3, 23, 43
List the prime factors of 82783.
19, 4357
What are the prime factors of 1997?
1997
What are the prime factors of 5798?
2, 13, 223
What are the prime factors of 32095?
5, 7, 131
What are the prime factors of 987?
3, 7, 47
List the prime factors of 67874.
2, 33937
List the prime factors of 25899.
3, 89, 97
List the prime factors of 15.
3, 5
List the prime factors of 389.
389
What are the prime factors of 254?
2, 127
List the prime factors of 36011.
36011
What are the prime factors of 132096?
2, 3, 43
What are the prime factors of 759?
3, 11, 23
List the prime factors of 111.
3, 37
What are the prime factors of 23904?
2, 3, 83
List the prime factors of 19319.
19319
What are the prime factors of 1135?
5, 227
List the prime factors of 284.
2, 71
List the prime factors of 1133.
11, 103
What are the prime factors of 6064?
2, 379
What are the prime factors of 7601?
11, 691
What are the prime factors of 90528?
2, 3, 23, 41
List the prime factors of 28755.
3, 5, 71
List the prime factors of 1905.
3, 5, 127
List the prime factors of 74622.
2, 3, 12437
What are the prime factors of 915?
3, 5, 61
What are the prime factors of 5929?
7, 11
List the prime factors of 20976.
2, 3, 19, 23
List the prime factors of 1847.
1847
What are the prime factors of 98?
2, 7
List the prime factors of 4855.
5, 971
What are the prime factors of 1455?
3, 5, 97
List the prime factors of 33323.
47, 709
What are the prime factors of 47979?
3, 1777
What are the prime factors of 5840?
2, 5, 73
List the prime factors of 21815.
5, 4363
What are the prime factors of 966?
2, 3, 7, 23
What are the prime factors of 11510?
2, 5, 1151
What are the prime factors of 1054?
2, 17, 31
What are the prime factors of 232?
2, 29
List the prime factors of 1264.
2, 79
What are the prime factors of 1859?
11, 13
List the prime factors of 2183.
37, 59
List the prime factors of 62940.
2, 3, 5, 1049
List the prime factors of 3424.
2, 107
What are the prime factors of 63586?
2, 31793
List the prime factors of 19683.
3
What are the prime factors of 82727?
82727
List the prime factors of 45224.
2, 5653
List the prime factors of 73834.
2, 19, 29, 67
List the prime factors of 1149.
3, 383
List the prime factors of 4549.
4549
What are the prime factors of 323?
17, 19
List the prime factors of 317.
317
What are the prime factors of 1601?
1601
List the prime factors of 18896.
2, 1181
What are the prime factors of 33316?
2, 8329
What are the prime factors of 10183?
17, 599
What are the prime factors of 43962?
2, 3, 17, 431
What are the prime factors of 29187?
3, 23, 47
What are the prime factors of 1006?
2, 503
What are the prime factors of 64682?
2, 32341
List the prime factors of 75457.
61, 1237
What are the prime factors of 8964?
2, 3, 83
List the prime factors of 11234.
2, 41, 137
What are the prime factors of 235?
5, 47
What are the prime factors of 25661?
67, 383
List the prime factors of 23390.
2, 5, 2339
List the prime factors of 5015.
5, 17, 59
List the prime factors of 1778.
2, 7, 127
What are the prime factors of 1225?
5, 7
What are the prime factors of 1185?
3, 5, 79
What are the prime factors of 1271?
31, 41
What are the prime factors of 7552?
2, 59
What are the prime factors of 358?
2, 179
What are the prime factors of 129?
3, 43
What are the prime factors of 80998?
2, 40499
List the prime factors of 5569.
5569
What are the prime factors of 87135?
3, 5, 37, 157
What are the prime factors of 755?
5, 151
What are the prime factors of 74364?
2, 3, 6197
What are the prime factors of 60?
2, 3, 5
List the prime factors of 2816.
2, 11
List the prime factors of 34064.
2, 2129
List the prime factors of 17615.
5, 13, 271
List the prime factors of 15065.
5, 23, 131
What are the prime factors of 1007?
19, 53
What are the prime factors of 2894?
2, 1447
List the prime factors of 174418.
2, 37, 2357
List the prime factors of 48964.
2, 12241
List the prime factors of 2186.
2, 1093
List the prime factors of 48960.
2, 3, 5, 17
List the prime factors of 8006.
2, 4003
What are the prime factors of 127623?
3, 19, 2239
What are the prime factors of 566?
2, 283
What are the prime factors of 709?
709
List the prime factors of 1492.
2, 373
What are the prime factors of 12453?
3, 7, 593
List the prime factors of 42205.
5, 23, 367
What are the prime factors of 5390?
2, 5, 7, 11
What are the prime factors of 13988?
2, 13, 269
List the prime factors of 708.
2, 3, 59
What are the prime factors of 5461?
43, 127
What are the prime factors of 3023?
3023
List the prime factors of 854.
2, 7, 61
List the prime factors of 44584.
2, 5573
What are the prime factors of 64721?
61, 1061
What are the prime factors of 134?
2, 67
List the prime factors of 28949.
28949
List the prime factors of 128000.
2, 5
List the prime factors of 360.
2, 3, 5
List the prime factors of 9294.
2, 3, 1549
List the prime factors of 393.
3, 131
What are the prime factors of 303?
3, 101
List the prime factors of 60225.
3, 5, 11, 73
What are the prime factors of 6603?
3, 31, 71
What are the prime factors of 9282?
2, 3, 7, 13, 17
List the prime factors of 1206.
2, 3, 67
What are the prime factors of 9096?
2, 3, 379
List the prime factors of 10434.
2, 3, 37, 47
List the prime factors of 82284.
2, 3, 6857
List the prime factors of 72479.
11, 599
What are the prime factors of 313?
313
What are the prime factors of 7910?
2, 5, 7, 113
What are the prime factors of 117?
3, 13
What are the prime factors of 46324?
2, 37, 313
What are the prime factors of 1145?
5, 229
What are the prime factors of 6313?
59, 107
What are the prime factors of 972?
2, 3
What are the prime factors of 11126?
2, 5563
What are the prime factors of 432?
2, 3
What are the prime factors of 25063?
71, 353
List the prime factors of 3658.
2, 31, 59
What are the prime factors of 1071?
3, 7, 17
List the prime factors of 42420.
2, 3, 5, 7, 101
What are the prime factors of 12179?
19, 641
What are the prime factors of 977?
977
List the prime factors of 13412.
2, 7, 479
What are the prime factors of 2826?
2, 3, 157
What are the prime factors of 2878?
2, 1439
List the prime factors of 735.
3, 5, 7
What are the prime factors of 1538?
2, 769
What are the prime factors of 10?
2, 5
What are the prime factors of 937?
937
What are the prime factors of 37807?
7, 11, 491
What are the prime factors of 70486?
2, 13, 2711
What are the prime factors of 633?
3, 211
What are the prime factors of 12007?
12007
List the prime factors of 834.
2, 3, 139
What are the prime factors of 4308?
2, 3, 359
List the prime factors of 5650.
2, 5, 113
What are the prime factors of 2756?
2, 13, 53
List the prime factors of 29980.
2, 5, 1499
What are the prime factors of 4887?
3, 181
What are the prime factors of 2221?
2221
What are the prime factors of 56729?
17, 47, 71
What are the prime factors of 2751?
3, 7, 131
What are the prime factors of 2667?
3, 7, 127
What are the prime factors of 624?
2, 3, 13
List the prime factors of 115071.
3, 11, 317
What are the prime factors of 8535?
3, 5, 569
What are the prime factors of 18584?
2, 23, 101
List the prime factors of 10991.
29, 379
List the prime factors of 35677.
35677
List the prime factors of 1079.
13, 83
What are the prime factors of 658?
2, 7, 47
List the prime factors of 20555.
5, 4111
What are the prime factors of 1782?
2, 3, 11
List the prime factors of 35644.
2, 7, 19, 67
List the prime factors of 4219.
4219
List the prime factors of 385.
5, 7, 11
List the prime factors of 2690.
2, 5, 269
What are the prime factors of 13157?
59, 223
What are the prime factors of 138?
2, 3, 23
What are the prime factors of 2081?
2081
What are the prime factors of 19?
19
List the prime factors of 12017.
61, 197
What are the prime factors of 61383?
3, 7, 37, 79
List the prime factors of 4010.
2, 5, 401
List the prime factors of 3550.
2, 5, 71
List the prime factors of 1061.
1061
What are the prime factors of 6572?
2, 31, 53
List the prime factors of 1915.
5, 383
What are the prime factors of 47115?
3, 5, 349
List the prime factors of 506.
2, 11, 23
List the prime factors of 14246.
2, 17, 419
List the prime factors of 889.
7, 127
List the prime factors of 69524.
2, 7, 13, 191
What are the prime factors of 18949?
7, 2707
What are the prime factors of 13334?
2, 59, 113
List the prime f